80425?
592
Calculate the remainder when 2202618 is divided by 51222.
72
Calculate the remainder when 790708 is divided by 131773.
70
Calculate the remainder when 183880 is divided by 1267.
165
Calculate the remainder when 385076 is divided by 3129.
209
What is the remainder when 877973 is divided by 1799?
61
What is the remainder when 186720 is divided by 86384?
13952
What is the remainder when 2830048 is divided by 23580?
448
What is the remainder when 250536777 is divided by 54?
51
What is the remainder when 1243408 is divided by 210?
208
Calculate the remainder when 358740 is divided by 58.
10
Calculate the remainder when 472024 is divided by 906.
904
What is the remainder when 5407495 is divided by 4218?
19
What is the remainder when 677481 is divided by 281?
271
Calculate the remainder when 329828 is divided by 129.
104
Calculate the remainder when 13143057 is divided by 1710.
1707
Calculate the remainder when 107464101 is divided by 1591.
6
What is the remainder when 9771741 is divided by 89?
75
Calculate the remainder when 218673 is divided by 109319.
35
What is the remainder when 4135332 is divided by 13128?
12
Calculate the remainder when 34219927 is divided by 43.
11
Calculate the remainder when 4006868 is divided by 656.
20
What is the remainder when 192155 is divided by 16897?
6288
What is the remainder when 17115 is divided by 782?
693
What is the remainder when 2799319 is divided by 117?
94
What is the remainder when 3033759 is divided by 1011243?
30
Calculate the remainder when 5603963 is divided by 303.
281
Calculate the remainder when 181245 is divided by 226.
219
Calculate the remainder when 4819585 is divided by 541.
357
What is the remainder when 29319 is divided by 9361?
1236
Calculate the remainder when 296097 is divided by 2243.
21
What is the remainder when 2936162 is divided by 155?
152
What is the remainder when 263754 is divided by 15?
9
What is the remainder when 302929125 is divided by 342680?
5
Calculate the remainder when 839848 is divided by 284.
60
Calculate the remainder when 21824064 is divided by 22.
20
Calculate the remainder when 70334925 is divided by 169.
167
Calculate the remainder when 3897585 is divided by 1823.
11
What is the remainder when 2375914 is divided by 103?
13
Calculate the remainder when 853412 is divided by 24378.
182
Calculate the remainder when 4595 is divided by 2798.
1797
Calculate the remainder when 107704 is divided by 2602.
1022
What is the remainder when 45492 is divided by 45482?
10
Calculate the remainder when 11386952 is divided by 342.
62
Calculate the remainder when 8167746 is divided by 998.
114
What is the remainder when 1718841 is divided by 108?
21
Calculate the remainder when 113351 is divided by 27839.
1995
Calculate the remainder when 10719 is divided by 1917.
1134
Calculate the remainder when 161609 is divided by 6182.
877
What is the remainder when 21888588 is divided by 207?
201
Calculate the remainder when 77837550 is divided by 7076140.
10
Calculate the remainder when 49483 is divided by 6764.
2135
Calculate the remainder when 339963 is divided by 67984.
43
Calculate the remainder when 789113 is divided by 394556.
1
What is the remainder when 23539967 is divided by 11769937?
93
Calculate the remainder when 6096196 is divided by 652.
648
Calculate the remainder when 3894721 is divided by 25.
21
What is the remainder when 3783000 is divided by 2104?
8
What is the remainder when 48981284 is divided by 290?
284
Calculate the remainder when 228234 is divided by 1929.
612
Calculate the remainder when 1144877 is divided by 302.
297
What is the remainder when 1970474 is divided by 13314?
2
What is the remainder when 1212317 is divided by 50513?
5
What is the remainder when 1840589 is divided by 4446?
4391
Calculate the remainder when 120640861 is divided by 32.
29
Calculate the remainder when 1065676 is divided by 66597.
124
What is the remainder when 4940251 is divided by 10165?
61
What is the remainder when 978379 is divided by 620?
19
What is the remainder when 12017969 is divided by 3272?
3185
Calculate the remainder when 2365344933 is divided by 27.
24
What is the remainder when 162771028 is divided by 304?
4
What is the remainder when 67787574 is divided by 1629?
1626
What is the remainder when 22043975 is divided by 22043972?
3
Calculate the remainder when 4795669 is divided by 8518.
35
What is the remainder when 254719679 is divided by 7?
4
Calculate the remainder when 2219963 is divided by 80.
43
Calculate the remainder when 624930440 is divided by 208310145.
5
Calculate the remainder when 3462448 is divided by 198.
22
What is the remainder when 13058317 is divided by 605?
602
Calculate the remainder when 34312563 is divided by 236.
51
What is the remainder when 8790 is divided by 790?
100
Calculate the remainder when 241099 is divided by 240814.
285
What is the remainder when 332088 is divided by 4307?
449
Calculate the remainder when 490643 is divided by 81773.
5
What is the remainder when 69985 is divided by 9977?
146
Calculate the remainder when 9354375 is divided by 11.
8
Calculate the remainder when 719418 is divided by 2.
0
What is the remainder when 3017055 is divided by 110?
85
What is the remainder when 396748 is divided by 1260?
1108
Calculate the remainder when 325741 is divided by 108405.
526
What is the remainder when 7184676 is divided by 326576?
4
What is the remainder when 4148404 is divided by 592629?
1
Calculate the remainder when 90892 is divided by 30273.
73
What is the remainder when 29728 is divided by 7420?
48
Calculate the remainder when 252718 is divided by 1792.
46
Calculate the remainder when 21249324 is divided by 3413.
3399
Calculate the remainder when 36501734 is divided by 1007.
1005
Calculate the remainder when 131739 is divided by 1421.
1007
Calculate the remainder when 1054909 is divided by 263692.
141
Calculate the remainder when 4034 is divided by 351.
173
What is the remainder when 3575623 is divided by 87210?
13
What is the remainder when 438272 is divided by 46?
30
What is the remainder when 87760 is divided by 43815?
130
What is the remainder when 149805610 is divided by 14?
10
Calculate the remainder when 153303138 is divided by 412.
410
Calculate the remainder when 49852 is divided by 127.
68
What is the remainder when 42718041 is divided by 3083?
3076
What is the remainder when 510907 is divided by 17030?
7
What is the remainder when 10648408 is divided by 705?
88
Calculate the remainder when 64760726 is divided by 1467.
11
What is the remainder when 16472160 is divided by 23?
20
Calculate the remainder when 43574119 is divided by 5446763.
15
Calculate the remainder when 534363 is divided by 133586.
19
Calculate the remainder when 25769084 is divided by 1695.
1694
What is the remainder when 2557 is divided by 2471?
86
What is the remainder when 88200850 is divided by 9800094?
4
What is the remainder when 525763 is divided by 52?
43
What is the remainder when 115432 is divided by 4838?
4158
Calculate the remainder when 26152098 is divided by 552.
546
What is the remainder when 91531 is divided by 30416?
283
Calculate the remainder when 2047390 is divided by 255923.
6
Calculate the remainder when 1461589532 is divided by 1143.
1142
What is the remainder when 1131599 is divided by 410?
409
What is the remainder when 2496676 is divided by 1036?
952
What is the remainder when 598908 is divided by 460?
448
What is the remainder when 324692 is divided by 3820?
3812
What is the remainder when 5657922 is divided by 325?
322
Calculate the remainder when 13589467 is divided by 886.
885
What is the remainder when 541798 is divided by 152?
70
Calculate the remainder when 4147154 is divided by 45.
44
What is the remainder when 124877 is divided by 1493?
958
What is the remainder when 149912099 is divided by 1404?
1403
What is the remainder when 7109998 is divided by 40?
38
What is the remainder when 290998 is divided by 26442?
136
What is the remainder when 8132467 is divided by 778?
33
What is the remainder when 419309 is divided by 1612?
189
What is the remainder when 175161 is divided by 58353?
102
What is the remainder when 4525887 is divided by 1734?
147
Calculate the remainder when 425524 is divided by 2239.
114
What is th